 base 3, what is -2200212102011112 + -1?
-2200212102011120
In base 8, what is -363 + 276602?
276217
In base 4, what is -3331113 - 1100021?
-11031200
In base 9, what is 807602851 - 2?
807602848
In base 11, what is -959 - -13a550?
1396a2
In base 10, what is 1119386 - -16?
1119402
In base 5, what is 333311 - -2224?
341040
In base 2, what is -101011111011001001101001 - -1010?
-101011111011001001011111
In base 7, what is -50 + 10620400?
10620320
In base 5, what is -214014404 + 4123?
-214010231
In base 5, what is 220342 - 2311?
213031
In base 4, what is -32120 - -2132330?
2100210
In base 9, what is 80735 - 1644?
78081
In base 11, what is -937629 + 6?
-937623
In base 9, what is 118 - 1131173?
-1131054
In base 9, what is -7 + 7723346?
7723338
In base 6, what is 212 - -10211423?
10212035
In base 12, what is -49a5 - 2155b?
-26344
In base 2, what is -10000111010111 - -1000001?
-10000110010110
In base 8, what is -773344 - -57?
-773265
In base 12, what is -11a1 + 16a385?
1691a4
In base 7, what is 1 + 253166516?
253166520
In base 15, what is -431 + -16571?
-169a2
In base 14, what is 4 - -228c4143?
228c4147
In base 13, what is 299b6 - -1b?
29a04
In base 12, what is b023a + -4?
b0236
In base 2, what is 1100100 + 11010010110101001010011?
11010010110101010110111
In base 15, what is 317c - -32bc?
6449
In base 4, what is -310302223022 - 11?
-310302223033
In base 10, what is 1232 + 15495?
16727
In base 11, what is -439878 + -161?
-439a29
In base 14, what is -a78 - -401?
-677
In base 11, what is -3135a4 - 284?
-313878
In base 14, what is 5037 - -118?
5151
In base 14, what is -46 - -382a4?
3825c
In base 11, what is 39 - -450552?
450590
In base 2, what is -10000010011110001001001010 - -1?
-10000010011110001001001001
In base 8, what is 11536 - -2426?
14164
In base 4, what is 322212 + 121330?
1110202
In base 6, what is -3004551 + 5044?
-2555503
In base 14, what is 48 - 1a031d?
-1a02b5
In base 10, what is 3602 - 86183?
-82581
In base 12, what is -5 - 40221?
-40226
In base 8, what is -3527113 + -71?
-3527204
In base 5, what is -4014041204 - -2?
-4014041202
In base 8, what is -3 + 135233062?
135233057
In base 10, what is -1044 - 10847?
-11891
In base 8, what is -2 - -624057542?
624057540
In base 6, what is -242054 + -31244?
-313342
In base 11, what is 1942 - 11624?
-a792
In base 16, what is 103827 + -2?
103825
In base 4, what is -2013210 + -2032?
-2021302
In base 10, what is -20161 + 89?
-20072
In base 13, what is -107394 + -3?
-107397
In base 9, what is 453802 + -4504?
448287
In base 14, what is -1a5c1a - -7?
-1a5c13
In base 12, what is -5 - 47962a93?
-47962a98
In base 5, what is -12 + 33434404443?
33434404431
In base 4, what is 332311112311 + -1?
332311112310
In base 5, what is 41200332 + 1333?
41202220
In base 16, what is -2d + 1a34fe?
1a34d1
In base 3, what is -1 + -1222221011000020?
-1222221011000021
In base 4, what is -1 - 2000200231322?
-2000200231323
In base 9, what is -2 + -170452305?
-170452307
In base 16, what is -145da05 + 5?
-145da00
In base 6, what is -1544 - -20543333?
20541345
In base 7, what is 414460621 - 5?
414460613
In base 14, what is 4402 - -a46?
5048
In base 12, what is 57 + -278b77?
-278b20
In base 2, what is -10000 + -10100011010000100?
-10100011010010100
In base 5, what is -41243 + 114330?
23032
In base 12, what is -353989a8a - -1?
-353989a89
In base 15, what is 1 - 170dc71?
-170dc70
In base 11, what is 1523 + 1288?
2800
In base 12, what is 13ba081 + -40?
13ba041
In base 6, what is 22350 - -2514111?
2540501
In base 12, what is 296 + -388a?
-35b4
In base 16, what is 1d37 + -bb9?
117e
In base 3, what is -20101100001201222 - 22?
-20101100001202021
In base 11, what is 56040 + 126?
56166
In base 3, what is -22010002210200 - -11?
-22010002210112
In base 4, what is -11131322 + 212223?
-10313033
In base 13, what is 960a39 + 2?
960a3b
In base 11, what is 3 - 1538a2aa?
-1538a2a7
In base 10, what is -7551 - -1243?
-6308
In base 6, what is -12552013431 - 4?
-12552013435
In base 9, what is -4 + -22688603?
-22688607
In base 9, what is -4 + -6580143?
-6580147
In base 13, what is -a825 - -483?
-a372
In base 16, what is 70f - f?
700
In base 2, what is 100000101010 - -111011110110001000?
111100010110110010
In base 11, what is -5 + -587663?
-587668
In base 2, what is 10100111110011011010110 + -1001?
10100111110011011001101
In base 9, what is 273323205 + 0?
273323205
In base 11, what is 1339a32 + 33?
1339a65
In base 2, what is -110010 + 10000100011001100010?
10000100011000110000
In base 10, what is 37159 + 287?
37446
In base 16, what is d5 + -363ea?
-36315
In base 16, what is 1 + -208b5f6?
-208b5f5
In base 6, what is -145211412 + 102?
-145211310
In base 2, what is 100110111 + -10100111000111111?
-10100110100001000
In base 9, what is -5 - -170053282?
170053276
In base 16, what is -647 + 10e?
-539
In base 14, what is -5 - -913b1a?
913b15
In base 2, what is -10100000001111101000110001 + -10000?
-10100000001111101001000001
In base 7, what is -4314 + -6031?
-13345
In base 15, what is -3dd + 3830?
3442
In base 11, what is 11a + -75718a?
-757070
In base 13, what is 3542 - -c16?
4458
In base 6, what is -12 - -12254504?
12254452
In base 15, what is c9 + -e5c1?
-e4e7
In base 13, what is 2a2689 - cc?
2a258a
In base 5, what is -3442311 - -1333?
-3440423
In base 7, what is -1653 - 15454?
-20440
In base 15, what is -31e578 - 23?
-31e59b
In base 12, what is 1b63522 - -2?
1b63524
In base 2, what is 1110 - 11000000100100001111?
-11000000100100000001
In base 8, what is -36277107 - 33?
-36277142
In base 3, what is 10201000011012201 + -120?
10201000011012011
In base 10, what is 18768507 - 3?
18768504
In base 7, what is 3 + -46502323?
-46502320
In base 4, what is -11021101122 + 2?
-11021101120
In base 14, what is 3 - 185d8ba?
-185d8b7
In base 10, what is 16 + -4342559?
-4342543
In base 7, what is -121016 - -4056?
-113630
In base 4, what is -122 + 3223100310?
3223100122
In base 5, what is 1044030 - 203?
1043322
In base 12, what is a6623 - 33?
a65b0
In base 5, what is 421312412 + -1?
421312411
In base 2, what is 111100011011 + 1001111?
111101101010
In base 13, what is -a15c + 20?
-a13c
In base 15, what is -2903e1 - 4?
-2903e5
In base 11, what is 11068 + a917?
20984
In base 12, what is -5 + 56053b?
560536
In base 12, what is 47 + 1780588?
1780613
In base 10, what is -53717514 - 7?
-53717521
In base 9, what is -21628467 - 0?
-21628467
In base 11, what is -48443 + -13?
-48456
In base 8, what is -420442 + 137?
-420303
In base 5, what is -1433 - -1212044333?
1212042400
In base 3, what is 2222020001022 - 20100?
2222012210222
In base 8, what is 55370 + -562?
54606
In base 10, what is 1063089 - -178?
1063267
In base 10, what is -5914 - 186213?
-192127
In base 6, what is -233041 - 1300?
-234341
In base 16, what is 793 - -2d7b?
350e
In base 16, what is -e - 65f22?
-65f30
In base 15, what is -2ba5234 - 3?
-2ba5237
In base 8, what is 14065251 + 52?
14065323
In base 6, what is 2450 - -255535?
302425
In base 13, what is 1 - -6422041?
6422042
In base 16, what is -29f + 1353?
10b4
In base 10, what is 4576 + 281140?
285716
In base 10, what is 1 + 175721785?
175721786
In base 9, what is 2 - -205831861?
205831863
In base 10, what is 717442 + 366?
717808
In base 6, what is -4225424 - 325?
-4230153
In base 16, what is 0 + 21c54f?
21c54f
In base 8, what is -3 - -1020063722?
1020063717
In base 7, what is -411640 - 55331?
-500301
In base 5, what is 1304241214424 - 0?
1304241214424
In base 12, what is 19 + 2b2905?
2b2922
In base 10, what is -9338341 - 1?
-9338342
In base 13, what is b51c54c + -1?
b51c54b
In base 14, what is 7243 + -120?
7123
In base 2, what is 11010001100111 - -10?
11010001101001
In base 9, what is -27825 + -672?
-28607
In base 3, what is 200 + -211012212010?
-211012211110
In base 11, what is -88 - a05104?
-a05191
In base 16, what is -3ae9d - 273?
-3b110
In base 6, what is -105243031 + 154?
-105242433
In base 11, what is -1821a5 - -13?
-182192
In base 6, what is -14252 - 123000?
-141252
In base 6, what is -12401500024 + -1?
-12401500025
In base 8, what is -1377 - -36475?
35076
In base 15, what is 95 + -345e4?
-3454e
In base 4, what is 2001012 + -223131?
1111221
In base 8, what is 6 - -5612762?
5612770
In base 13, what is -4838 + 1b3?
-4655
In base 15, what is 14cab14a + 0?
14cab14a
In base 1